t r = 10 - c. List the prime factors of j(r).
3
Let p(t) = -2*t**2 + 11*t**2 + 25 - 2*t**2 - 6*t**2. List the prime factors of p(0).
5
Let a be 34/4 + (-3)/2. Suppose -5*u + a = -73. What are the prime factors of u?
2
Suppose g = -3*n + 16, 6*g - 2*n - 80 = g. What are the prime factors of g?
2
Suppose -3*u - 6 = 0, -3*s + 4*u + 17 = -24. List the prime factors of s.
11
Let l = 54 + 11. Let a = l + -39. List the prime factors of a.
2, 13
Let w(a) be the second derivative of -a**4/12 - 5*a**3/3 + a**2 + a. Let h be w(-11). What are the prime factors of (2 + -1 - h)/2?
5
Suppose 0 = -5*v + 3*v + 12. Let q(h) = 3 + 2 + h - 3 + v. List the prime factors of q(-6).
2
Let i(m) = -13*m**3 + m**2 - m - 2. List the prime factors of i(-2).
2, 3
Let h(a) be the first derivative of 4*a**3 + 1/2*a**2 + 0*a + 1. What are the prime factors of h(-1)?
11
Let t(j) = -j**2 + 4*j + 2. Let d be t(5). What are the prime factors of (d - -18) + 3 + -1?
17
Suppose 0 = 3*r - r - 4. Suppose -r*j = -2*s - 58, -2*s = -6*s + 20. What are the prime factors of j?
2, 17
Let o be 5/(-10) - 26/(-4). List the prime factors of o*2 + 5/(-5).
11
Let q be 12/(-15)*(-70)/4. Let l = 21 - q. List the prime factors of l.
7
Let m = 1 + 1. Suppose -m*n + 16 = -2. List the prime factors of n.
3
Suppose 0 = 4*y + y + 100. What are the prime factors of 16/y + 74/5?
2, 7
Let q(b) = -b**3 - 10*b**2 - 2*b - 2. What are the prime factors of q(-10)?
2, 3
Let b be 3*-1 + (8 - -16). Suppose 0*s - z = -s + b, 5*s - z = 121. List the prime factors of s.
5
Let j = 3 - 3. Suppose j*x = -2*x + 10. Let z = x - -2. What are the prime factors of z?
7
Let d be (1 - -5) + 28/(-7). Suppose -d*y - 5*x + 6 + 91 = 0, -y - 2*x + 48 = 0. What are the prime factors of y?
2, 23
Suppose -2*u + 120 = u. Suppose -104 = -4*l + u. Suppose 2*w - r = -0*w + 9, 0 = 4*w + 4*r - l. What are the prime factors of w?
2, 3
Let g(p) = p**2 + p. Let b(j) = -j**2. Let h(d) = -6*b(d) - g(d). List the prime factors of h(-2).
2, 11
Suppose -94*n + 268 = -90*n. List the prime factors of n.
67
Let i = 325 - 226. What are the prime factors of i?
3, 11
Let l(h) = 4*h. List the prime factors of l(3).
2, 3
Let u be 3 - 1/((-1)/14). Suppose 6 + u = q. What are the prime factors of q?
23
Suppose 3*d + 0*d + 5*v = 40, -4*v + 26 = 2*d. List the prime factors of d.
3, 5
Let n = 163 + -4. What are the prime factors of n?
3, 53
Suppose 3*h - 100 = 7*h. Let m be (-120)/h - (-1)/5. Suppose -2*q - 51 = -m*u, 4*q + 40 = 4*u + 2*q. List the prime factors of u.
11
Let z = 10 + -7. Suppose -3*w = -2*w + 5*l - 14, 5*w - 26 = -z*l. List the prime factors of w.
2
Let j(h) = h + 8. Let l be j(-6). Suppose 2*q = -5*p + 34, -4 + 2 = l*q - 4*p. What are the prime factors of q?
7
Let v(b) = -204*b**3 + 2*b**2 - 2*b - 2. List the prime factors of v(-1).
2, 103
Let n(q) = 7*q + 12. What are the prime factors of n(5)?
47
Let x = -62 + 33. Let v be x/9 - 6/(-27). List the prime factors of -2*1/(v/6).
2
Suppose -g + h - 6 = -5, 2*h + 18 = -3*g. What are the prime factors of g/6 - 14/(-3)?
2
Suppose -2*t - 3 = 3*s, 0 = 2*s - 5*t + 11 + 10. List the prime factors of (0 - s) + 0/5.
3
Suppose 644 = 11*q - 203. What are the prime factors of q?
7, 11
Let c(l) = 4*l**2 - 5*l + 3. What are the prime factors of c(4)?
47
Let f(h) = h**2 + h + 3. Suppose 0 = 2*b - 4*b - 8. Let m = b + 1. What are the prime factors of f(m)?
3
Let w be -3 - (-5)/(15/6). Let j(n) = 12*n**2. List the prime factors of j(w).
2, 3
Let s(n) = -4*n + 3 - 1 - n - 5. What are the prime factors of s(-2)?
7
List the prime factors of 46 - (-6)/12*(0 - 0).
2, 23
Suppose 2*o = -o + 108. Let d = o - 20. List the prime factors of d.
2
Let f(q) = -q**3 - 14*q**2 - 15*q + 31. What are the prime factors of f(-14)?
241
Let l(v) = -4*v - 12. Let r be 6*(-2 + (-8)/(-12)). What are the prime factors of l(r)?
2, 5
Let i = 3 - 3. Let k = i - -1. What are the prime factors of -7*(k + -2)*1?
7
Suppose -4*k - 41 = -d, -182 = -d - 3*d - 2*k. Suppose 5*z + 2*m - 60 = -0*z, -m = -5*z + d. What are the prime factors of z?
2, 5
List the prime factors of 66/9 + 2/(-6).
7
Suppose 5*s + 5*i = 2*s + 127, 3*s + i - 131 = 0. Let g = s + -27. List the prime factors of g.
17
What are the prime factors of 416/40 - (-2)/(-5)?
2, 5
Let g(z) = 7*z**2 - 3*z + 2. Let u be g(2). Let n = -17 + u. What are the prime factors of n?
7
Let q = 119 - 47. Let h = q + -50. List the prime factors of h.
2, 11
Suppose -4*n + 4 = -2*n - o, -n = 5*o - 24. Let c = -9 + 15. Suppose 0 = f - 3*l, -3*f + n = l - c*l. What are the prime factors of f?
3
Suppose 12 = -3*p + 162. List the prime factors of p.
2, 5
Suppose 0*n - 4*n + 632 = 0. List the prime factors of n.
2, 79
Suppose 3*u + u = -12, -3*r + 21 = -5*u. Let s = 12 + r. Suppose -5*l + 84 = s. What are the prime factors of l?
2, 7
Suppose -n = -2*n + 20. Let f = 57 - n. List the prime factors of f.
37
Suppose n + 0*n = 53. Suppose -n = -3*k - 2*d, -5*k - 4*d = -3*k - 22. What are the prime factors of k?
3, 7
List the prime factors of ((-18)/(-9))/((-2)/(-20)).
2, 5
Suppose 0 = -d - 6*d + 504. List the prime factors of d.
2, 3
Let j(m) = 12*m + 1. Let r(v) = v**2 - 2*v - 1. Let b be r(-1). List the prime factors of j(b).
5
Let w(c) = -c**3 + 4*c**2 + 2*c - 1. What are the prime factors of w(4)?
7
Let b be 28/4*4 - 4. Let a = b - 5. List the prime factors of a.
19
Let m(t) = t**2 - 3*t - 4. Let l be m(5). Let u(c) = c**3 - 4*c**2 - 8*c - 5. What are the prime factors of u(l)?
19
Suppose 0 = z - 4 - 0. Suppose -y - 16 = -2*w + 9, 2*w = -z*y + 30. List the prime factors of w.
13
Let j(t) = t**2 + 3*t. Let i be j(-2). Let o be (1 - 0)/((-1)/i). Suppose o*s = 3*h + 1, s + 3*h + 1 = 5*h. What are the prime factors of s?
5
Suppose 7 = 4*w + 3. Let a be (-4 + 3)*(-1 + w). Let y = 6 - a. List the prime factors of y.
2, 3
Let h(r) = -r**2 - 10*r - 9. What are the prime factors of h(-5)?
2
Suppose 0 = 3*j - 67 - 143. Let c be ((-10)/4)/((-1)/2). Suppose 0 = -4*q - 3*s + 67, -s + 0*s + j = c*q. What are the prime factors of q?
13
Let o = 1 - 4. Let i = o - -5. What are the prime factors of -10*((-4)/(-5) - i)?
2, 3
Let x(j) = -4*j**3 + 2*j**2 + 2*j - 2. List the prime factors of x(-2).
2, 17
Let b(v) = -15*v + 6. List the prime factors of b(-4).
2, 3, 11
Let f be 2/(-4)*(1 - 1). What are the prime factors of 20 + 1/2*f?
2, 5
Let p(l) = 8 + l + 7 - 2 + l**2. Suppose 0*j + 8*j = 0. List the prime factors of p(j).
13
Suppose -2*f = -6*f + 3*o + 195, 0 = -5*f + 3*o + 246. What are the prime factors of f?
3, 17
Suppose 7*w - 4*w - 423 = 0. What are the prime factors of w?
3, 47
Suppose 107 + 69 = 5*k - 3*p, -3*p = -3*k + 102. List the prime factors of k.
37
Let f(l) = 14*l**2 - l - 12. What are the prime factors of f(4)?
2, 13
Suppose -2*s = -0*s - 32. Suppose 0*x + 2*k = x - 13, -5*k = -x + s. List the prime factors of x.
11
Let l = -2 + -2. Let n = 12 + l. Let f = n + -4. List the prime factors of f.
2
Let o = -6 - -5. Let h be 3*o/(1/3). Let b = -3 - h. What are the prime factors of b?
2, 3
Let b(n) = n**2 + 4*n - 8. Let u be b(-7). Let f = u + -7. Let g = f + 0. What are the prime factors of g?
2, 3
Let t(h) = -h + 15. Let x = 18 + -14. What are the prime factors of t(x)?
11
Suppose 3*f + 2*v = -39, 18 + 9 = -3*f + 2*v. Let u = f + 19. Let h = u - 3. What are the prime factors of h?
5
Let a(b) = -24*b - 8. What are the prime factors of a(-2)?
2, 5
Suppose -q - 3*s = 2*s - 36, -3*q = 4*s - 130. What are the prime factors of q?
2, 23
Let c(f) = -18*f + 27. What are the prime factors of c(-10)?
3, 23
List the prime factors of (-3348)/(-45) - 6/15.
2, 37
Suppose 2*k + 23 = r, -5*r - 4*k + 85 = -8*k. Suppose -1 = 4*o - r. Let n(j) = 2*j**2 - 3*j - 4. List the prime factors of n(o).
5
Let p = 11 + -7. Suppose -p*b = -0*b - 24. What are the prime factors of b?
2, 3
Suppose -3*u - 4*t = -9*t, -t = -5*u. Suppose -m - 3*m + 16 = 0. Suppose -q + u*i + 4*i = -3, -12 = -m*q - 5*i. List the prime factors of q.
3
Let l = 46 + -75. Suppose -i - 19 = 22. Let w = l - i. What are the prime factors of w?
2, 3
Suppose -4*x + 3*x = -68. List the prime factors of x.
2, 17
Let i(s) = -s**2 + 4*s + 123. What are the prime factors of i(0)?
3, 41
Suppose -4*a + 3*g - 13 = 0, 0*a + 5*g + 4 = 3*a. Let v(w) = -5 + 3 + 5*w - 6 + w**2. What are th